{"version":"1.0","provider_name":"GreenLove","provider_url":"https:\/\/zoldeletmod.cafeblog.hu","author_name":"GreenLove","author_url":"https:\/\/zoldeletmod.cafeblog.hu\/author\/greenlove\/","title":"A Hold \u00e9s a hossz\u00fah\u00e9tv\u00e9ge","html":"<strong><a href=\"https:\/\/zoldeletmod.cafeblog.hu\/files\/2014\/04\/ID-10073945.jpg\"><img class=\"alignright size-thumbnail wp-image-642\" alt=\"holdnapt\u00e1r\" src=\"https:\/\/zoldeletmod.cafeblog.hu\/files\/2014\/04\/ID-10073945-150x150.jpg\" width=\"150\" height=\"150\" \/><\/a>A Hold k\u00fcl\u00f6nb\u00f6z\u0151 f\u00e1zisai, t\u00e1vols\u00e1ga hat\u00e1ssal van a F\u00f6ldi \u00e9l\u0151l\u00e9nyekre. R\u00e1nk is. Ha k\u00f6vetj\u00fck a holdnapt\u00e1rat, akkor egy kellemes rendszer mellett, hat\u00e9konys\u00e1gn\u00f6vel\u0151 tippeket is kaphatunk. Minek er\u0151lk\u00f6dn\u00e9l, ha vannak napok, amikor k\u00f6nnyebb, mert a Hold seg\u00edt.<\/strong>\r\n\r\n<span style=\"text-decoration: underline\"><strong>M\u00e1jus 1-2-3-4 ~ cs\u00fct\u00f6rt\u00f6kt\u0151l vas\u00e1rnapig ~<\/strong><\/span><strong><span style=\"text-decoration: underline\">\u00a0\u00dajhold k\u00f6vet\u0151i<\/span><\/strong>\r\n\r\n<em><strong>Aj\u00e1nlott tev\u00e9kenys\u00e9gek:<\/strong><\/em>\r\n<ul>\r\n\t<li><strong>test:<\/strong> sport, akt\u00edvkod\u00e1s, p\u00f6rg\u00e9s<\/li>\r\n\t<li><strong>sz\u00e9ps\u00e9g:<\/strong> friss\u00edt\u0151 f\u00fcrd\u0151, k\u00e9z\u00e1pol\u00e1s cs\u00fct\u00f6rt\u00f6k\u00f6n \u00e9s p\u00e9nteken; nyugtat\u00f3 f\u00fcrd\u0151 szombaton \u00e9s vas\u00e1rnap<\/li>\r\n\t<li><strong>h\u00e1ztart\u00e1s:<\/strong> s\u00fct\u00e9s, keny\u00e9rs\u00fct\u00e9s, szell\u0151ztet\u00e9s<\/li>\r\n\t<li><strong>kert:<\/strong> vir\u00e1g\u00fcltet\u00e9s, t\u00e1pl\u00e1l\u00e1s; gy\u00f3gyn\u00f6v\u00e9nyek \u00fcltet\u00e9se, sz\u00e1r\u00edt\u00e1sa<\/li>\r\n\t<li><span style=\"color: #ff0000\"><strong>ker\u00fclend\u0151<\/strong><\/span>: fodr\u00e1sz 3-4-\u00e9n; kerti munk\u00e1k: 4-\u00e9n<\/li>\r\n<\/ul>\r\n<h2>GreenLove Tippek Hold K\u00f6vet\u0151knek:<\/h2>\r\n<h2><em>Fogy\u00f3k\u00far\u00e1z\u00f3k: <\/em><\/h2>\r\n<a href=\"https:\/\/zoldeletmod.cafeblog.hu\/files\/2014\/04\/ID-10054397.jpg\"><img class=\"alignleft size-thumbnail wp-image-643\" alt=\"igyunk vizet\" src=\"https:\/\/zoldeletmod.cafeblog.hu\/files\/2014\/04\/ID-10054397-150x150.jpg\" width=\"150\" height=\"150\" \/><\/a>Figyeljetek oda a mennyis\u00e9gre, mert a szervezet\u00fcnk most egy ideig<strong> jobban rakt\u00e1roz<\/strong>. Mozg\u00e1ssal \u00e9s fokozott folyad\u00e9kbevitellel seg\u00edtheted szervezetedet a gyors \u00e9s hat\u00e9kony anyagcser\u00e9ben. Ez az id\u0151szak azonban megfelel\u0151 a t\u00e1panyagok, vitaminok rakt\u00e1roz\u00e1s\u00e1ra. Neked is sz\u00fcks\u00e9ged van vitaminokra! A fogy\u00f3k\u00fara is hat\u00e9konyabb, ha egy helyre\u00e1ll\u00edtott b\u00e9lrendszer v\u00e1rja a t\u00e1panyagot, \u00edgy mindenk\u00e9ppen vess be egy <a title=\"probiotikum k\u00fara\" href=\"http:\/\/thegreenlove.com\/Emocio_784_1L\" target=\"_blank\">probiotikum k\u00far\u00e1t is<\/a>. A jeges, hideg italokat ker\u00fclj\u00fck a napokban, mert torkunk \u00e9rz\u00e9keny lehet.\r\n\r\n&nbsp;\r\n<h2>Sz\u00e9p\u00fcl\u0151k:<\/h2>\r\nCs\u00fct\u00f6rt\u00f6k\u00f6n \u00e9s p\u00e9nteken friss\u00fclj\u00fcnk, m\u00edg szombaton \u00e9s vas\u00e1rnap t\u00f6rekedj\u00fcnk f\u00fcrd\u0151z\u00e9skor kikapcsolni, relax\u00e1lni egy j\u00f3t. \u00a0Friss\u00edt\u0151 f\u00fcrd\u0151nket egyszer\u0171en elk\u00e9sz\u00edthetj\u00fck, ha <strong>citromkarik\u00e1kkal<\/strong>, vagy citromh\u00e9jjal, citromolajjal \u00e9s <strong>borsmenta olajjal<\/strong>, vagy menta levelekkel dobjuk fel viz\u00fcnket. A legjobb friss\u00fcl\u00e9s a f\u00fcrd\u0151 v\u00e9gezt\u00e9vel egy p\u00e1r <span style=\"text-decoration: underline\">hideg-meleg vizes v\u00e1ltott zuhany<\/span>. Ha teljes testeden nem is b\u00edrod elviselni ezt, az <strong>arcodon<\/strong> akkor is alkalmazd f\u00fcrd\u0151 ut\u00e1n.\r\n\r\n<a href=\"https:\/\/zoldeletmod.cafeblog.hu\/files\/2014\/04\/ID-100214253.jpg\"><img class=\"aligncenter size-medium wp-image-644\" alt=\"friss\u00fclj\u00fcnk fel\" src=\"https:\/\/zoldeletmod.cafeblog.hu\/files\/2014\/04\/ID-100214253-300x225.jpg\" width=\"300\" height=\"225\" \/><\/a>\r\n\r\nA nyugtat\u00f3 f\u00fcrd\u0151 alapeleme a levendula. Fontos azonban, hogy val\u00f3ban ellazult \u00e1llapotba ker\u00fclj, \u00edgy fokozhatod a f\u00fcrd\u0151 hat\u00e1s\u00e1t, ha r\u00e1k\u00e9nyszer\u00edted magadat a <strong>mozdulatlan, szemles\u00fct\u00f6tt pihen\u00e9sre egy j\u00f3 arcpakol\u00e1s<\/strong>sal. A k\u00e9t ubikarika a szemedre alap. Keresd meg a megfelel\u0151 pakol\u00e1st magadnak <a title=\"kutyuljunk\" href=\"https:\/\/zoldeletmod.cafeblog.hu\/kategoria\/otthon\/kutyulda\/\" target=\"_blank\">kutyuld\u00e1nkban<\/a>, \u00e9s ejt\u0151zz nagyokat a hossz\u00fa h\u00e9tv\u00e9g\u00e9n. Kezeidet \u00e1pold k\u00f3kuszolajjal, vagy ol\u00edvaolajjal. H\u00e1l\u00e1sak lesznek!\r\n<h2>H\u00e1zit\u00fcnd\u00e9rek:<\/h2>\r\n[caption id=\"attachment_645\" align=\"alignleft\" width=\"150\"]<a href=\"https:\/\/zoldeletmod.cafeblog.hu\/files\/2014\/04\/l\u00e1ngos.jpg\"><img class=\"size-thumbnail wp-image-645\" alt=\"forr\u00e1s: vecs\u00e9shirek.eu\" src=\"https:\/\/zoldeletmod.cafeblog.hu\/files\/2014\/04\/l\u00e1ngos-150x150.jpg\" width=\"150\" height=\"150\" \/><\/a> forr\u00e1s: vecs\u00e9shirek.eu[\/caption]\r\n\r\nS\u00fcss\u00fcnk, s\u00fcss\u00fcnk valamit! Azt is megmondom, hogy mit: <strong>l\u00e1ngost<\/strong>!<a title=\"\u00e9ljen a Masni l\u00e1ngos\" href=\"https:\/\/masni.cafeblog.hu\/2013\/07\/23\/strand-food-otthon-eljen-a-langos\/\" target=\"_blank\"> ITT<\/a> egy t\u00f6k\u00e9letes recept. Bolond\u00edtsuk csal\u00e1dunk \u00f6r\u00f6m\u00e9re minden f\u00f6ldi j\u00f3val, ak\u00e1r m\u00e9g a bolognai sz\u00f3sz-sajt p\u00e1rossal is.\r\n\r\nAki tud, mindenk\u00e9ppen s\u00fcss\u00f6n <strong>kenyeret<\/strong> most. Mes\u00e9s lesz; dundi \u00e9s mosolyg\u00f3s. (ha van t\u00f6k\u00e9letes recept k\u00e9rj\u00fck ;)) Azt\u00e1n meglephetj\u00fck magunkat vagy az \u00e9hessz\u00e1j\u00fa rokonainkat csod\u00e1s s\u00fclt paprika kr\u00e9mmel. Recept<a title=\"szendvicskr\u00e9m nyamm\" href=\"https:\/\/masni.cafeblog.hu\/2012\/11\/10\/sult-paprikakrem\/\" target=\"_blank\"> ITT<\/a>.\r\n\r\nHa az id\u0151j\u00e1r\u00e1s engedi t\u00e1rjuk sz\u00e9lesre ablakaink, \u00e9s ne felejts\u00fck el kicsapni az \u00e1gynem\u00fct is kicsit szell\u0151zni. Pr\u00f3b\u00e1lkozhatunk <a title=\"L\u00e9g-\u00e9s textilfriss\u00edt\u00e9s h\u00e1zilag\" href=\"https:\/\/zoldeletmod.cafeblog.hu\/2014\/04\/04\/leg-es-textilfrissites-hazilag\/\" target=\"_blank\">h\u00e1zi l\u00e9g- \u00e9s textilfriss\u00edt\u0151 haszn\u00e1lat\u00e1val is<\/a>. A vegyszeres megold\u00e1sokat ker\u00fclj\u00fck.\r\n<h2><a href=\"https:\/\/zoldeletmod.cafeblog.hu\/files\/2014\/04\/ID-10079995.jpg\"><img class=\"alignright size-medium wp-image-646\" alt=\"minim\u00e1lkert\" src=\"https:\/\/zoldeletmod.cafeblog.hu\/files\/2014\/04\/ID-10079995-300x199.jpg\" width=\"300\" height=\"199\" \/><\/a>Kert\u00e9szked\u0151k:<\/h2>\r\nK\u00e9nyeztess\u00e9tek gy\u00f3gyn\u00f6v\u00e9nyeiteket! Ha minim\u00e1lkertetek van (p\u00e9ld\u00e1ul egy ablakp\u00e1rk\u00e1ny), akkor feldobhatj\u00e1tok <a title=\"wow\" href=\"https:\/\/masni.cafeblog.hu\/2014\/04\/30\/kaspo-diszites-gyorsan-egyszeruen\/\" target=\"_blank\">izgalmas kasp\u00f3kkal<\/a>. A gy\u00f3gyn\u00f6v\u00e9nyek t\u00e1pl\u00e1l\u00e1s\u00e1n\u00e1l, \u00e1pol\u00e1s\u00e1n\u00e1l kiemelked\u0151en fontos, hogy <a title=\"vegyszermentes kertek\" href=\"http:\/\/thegreenlove.com\/spl\/513749\/Probiotikus-Kert\" target=\"_blank\">vegyszermentes megold\u00e1st <\/a>v\u00e1lassz, hiszen folyamatosan fogyasztod \u0151ket. Vas\u00e1rnap viszont pihenjetek; a Hold nem javasolja, hogy a kertben tev\u00e9kenykedj\u00fcnk. Ha m\u00e9gis kell, <strong>akkor vigy\u00e1zzatok a k\u00f3sza fekv\u0151 gerebly\u00e9kkel!<\/strong>\r\n<h3>Kellemes, tev\u00e9keny \u00e9s hat\u00e9kony hossz\u00fa h\u00e9tv\u00e9g\u00e9t k\u00edv\u00e1nunk:<\/h3>\r\n<em><strong>GreenLove ~ Z\u00f6ld Gondolkod\u00e1s, Z\u00f6ld Gondoskod\u00e1s<\/strong><\/em>","type":"rich","thumbnail_url":"https:\/\/zoldeletmod.cafeblog.hu\/files\/2014\/04\/ID-10079995-150x150.jpg","thumbnail_width":150,"thumbnail_height":150}

A Hold és a hosszúhétvége

<strong><a href="https://zoldeletmod.cafeblog.hu/files/2014/04/ID-10073945.jpg"><img class="alignright size-thumbnail wp-image-642" alt="holdnaptár" src="https://zoldeletmod.cafeblog.hu/files/2014/04/ID-10073945-150x150.jpg" width="150" height="150" /></a>A Hold különböző fázisai, távolsága hatással van a Földi élőlényekre. Ránk is. Ha követjük a holdnaptárat, akkor egy kellemes rendszer mellett, hatékonyságnövelő tippeket is kaphatunk. Minek erőlködnél, ha vannak napok, amikor könnyebb, mert a Hold segít.</strong>

<span style="text-decoration: underline"><strong>Május 1-2-3-4 ~ csütörtöktől vasárnapig ~</strong></span><strong><span style="text-decoration: underline"> Újhold követői</span></strong>

<em><strong>Ajánlott tevékenységek:</strong></em>
<ul>
	<li><strong>test:</strong> sport, aktívkodás, pörgés</li>
	<li><strong>szépség:</strong> frissítő fürdő, kézápolás csütörtökön és pénteken; nyugtató fürdő szombaton és vasárnap</li>
	<li><strong>háztartás:</strong> sütés, kenyérsütés, szellőztetés</li>
	<li><strong>kert:</strong> virágültetés, táplálás; gyógynövények ültetése, szárítása</li>
	<li><span style="color: #ff0000"><strong>kerülendő</strong></span>: fodrász 3-4-én; kerti munkák: 4-én</li>
</ul>
<h2>GreenLove Tippek Hold Követőknek:</h2>
<h2><em>Fogyókúrázók: </em></h2>
<a href="https://zoldeletmod.cafeblog.hu/files/2014/04/ID-10054397.jpg"><img class="alignleft size-thumbnail wp-image-643" alt="igyunk vizet" src="https://zoldeletmod.cafeblog.hu/files/2014/04/ID-10054397-150x150.jpg" width="150" height="150" /></a>Figyeljetek oda a mennyiségre, mert a szervezetünk most egy ideig<strong> jobban raktároz</strong>. Mozgással és fokozott folyadékbevitellel segítheted szervezetedet a gyors és hatékony anyagcserében. Ez az időszak azonban megfelelő a tápanyagok, vitaminok raktározására. Neked is szükséged van vitaminokra! A fogyókúra is hatékonyabb, ha egy helyreállított bélrendszer várja a tápanyagot, így mindenképpen vess be egy <a title="probiotikum kúra" href="http://thegreenlove.com/Emocio_784_1L" target="_blank">probiotikum kúrát is</a>. A jeges, hideg italokat kerüljük a napokban, mert torkunk érzékeny lehet.

&nbsp;
<h2>Szépülők:</h2>
Csütörtökön és pénteken frissüljünk, míg szombaton és vasárnap törekedjünk fürdőzéskor kikapcsolni, relaxálni egy jót.  Frissítő fürdőnket egyszerűen elkészíthetjük, ha <strong>citromkarikákkal</strong>, vagy citromhéjjal, citromolajjal és <strong>borsmenta olajjal</strong>, vagy menta levelekkel dobjuk fel vizünket. A legjobb frissülés a fürdő végeztével egy pár <span style="text-decoration: underline">hideg-meleg vizes váltott zuhany</span>. Ha teljes testeden nem is bírod elviselni ezt, az <strong>arcodon</strong> akkor is alkalmazd fürdő után.

<a href="https://zoldeletmod.cafeblog.hu/files/2014/04/ID-100214253.jpg"><img class="aligncenter size-medium wp-image-644" alt="frissüljünk fel" src="https://zoldeletmod.cafeblog.hu/files/2014/04/ID-100214253-300x225.jpg" width="300" height="225" /></a>

A nyugtató fürdő alapeleme a levendula. Fontos azonban, hogy valóban ellazult állapotba kerülj, így fokozhatod a fürdő hatását, ha rákényszeríted magadat a <strong>mozdulatlan, szemlesütött pihenésre egy jó arcpakolás</strong>sal. A két ubikarika a szemedre alap. Keresd meg a megfelelő pakolást magadnak <a title="kutyuljunk" href="https://zoldeletmod.cafeblog.hu/kategoria/otthon/kutyulda/" target="_blank">kutyuldánkban</a>, és ejtőzz nagyokat a hosszú hétvégén. Kezeidet ápold kókuszolajjal, vagy olívaolajjal. Hálásak lesznek!
<h2>Házitündérek:</h2>
[caption id="attachment_645" align="alignleft" width="150"]<a href="https://zoldeletmod.cafeblog.hu/files/2014/04/lángos.jpg"><img class="size-thumbnail wp-image-645" alt="forrás: vecséshirek.eu" src="https://zoldeletmod.cafeblog.hu/files/2014/04/lángos-150x150.jpg" width="150" height="150" /></a> forrás: vecséshirek.eu[/caption]

Süssünk, süssünk valamit! Azt is megmondom, hogy mit: <strong>lángost</strong>!<a title="éljen a Masni lángos" href="https://masni.cafeblog.hu/2013/07/23/strand-food-otthon-eljen-a-langos/" target="_blank"> ITT</a> egy tökéletes recept. Bolondítsuk családunk örömére minden földi jóval, akár még a bolognai szósz-sajt párossal is.

Aki tud, mindenképpen süssön <strong>kenyeret</strong> most. Mesés lesz; dundi és mosolygós. (ha van tökéletes recept kérjük ;)) Aztán meglephetjük magunkat vagy az éhesszájú rokonainkat csodás sült paprika krémmel. Recept<a title="szendvicskrém nyamm" href="https://masni.cafeblog.hu/2012/11/10/sult-paprikakrem/" target="_blank"> ITT</a>.

Ha az időjárás engedi tárjuk szélesre ablakaink, és ne felejtsük el kicsapni az ágynemüt is kicsit szellőzni. Próbálkozhatunk <a title="Lég-és textilfrissítés házilag" href="https://zoldeletmod.cafeblog.hu/2014/04/04/leg-es-textilfrissites-hazilag/" target="_blank">házi lég- és textilfrissítő használatával is</a>. A vegyszeres megoldásokat kerüljük.
<h2><a href="https://zoldeletmod.cafeblog.hu/files/2014/04/ID-10079995.jpg"><img class="alignright size-medium wp-image-646" alt="minimálkert" src="https://zoldeletmod.cafeblog.hu/files/2014/04/ID-10079995-300x199.jpg" width="300" height="199" /></a>Kertészkedők:</h2>
Kényeztessétek gyógynövényeiteket! Ha minimálkertetek van (például egy ablakpárkány), akkor feldobhatjátok <a title="wow" href="https://masni.cafeblog.hu/2014/04/30/kaspo-diszites-gyorsan-egyszeruen/" target="_blank">izgalmas kaspókkal</a>. A gyógynövények táplálásánál, ápolásánál kiemelkedően fontos, hogy <a title="vegyszermentes kertek" href="http://thegreenlove.com/spl/513749/Probiotikus-Kert" target="_blank">vegyszermentes megoldást </a>válassz, hiszen folyamatosan fogyasztod őket. Vasárnap viszont pihenjetek; a Hold nem javasolja, hogy a kertben tevékenykedjünk. Ha mégis kell, <strong>akkor vigyázzatok a kósza fekvő gereblyékkel!</strong>
<h3>Kellemes, tevékeny és hatékony hosszú hétvégét kívánunk:</h3>
<em><strong>GreenLove ~ Zöld Gondolkodás, Zöld Gondoskodás</strong></em>
